
List the prime factors of 1864812402.
2, 3, 157, 219959
List the prime factors of 2703706675.
5, 108148267
What are the prime factors of 681878617?
7, 2593, 37567
List the prime factors of 28542134.
2, 31, 67, 6871
What are the prime factors of 94560213?
3, 11, 29, 98809
What are the prime factors of 5778776?
2, 17, 42491
What are the prime factors of 95058596?
2, 19, 1250771
What are the prime factors of 1270203062?
2, 635101531
What are the prime factors of 293040020?
2, 5, 7, 13, 59, 2729
List the prime factors of 2966595970.
2, 5, 13, 19, 379, 3169
List the prime factors of 7242030.
2, 3, 5, 67, 1201
What are the prime factors of 1920648684?
2, 3, 61, 331, 7927
List the prime factors of 1233933656.
2, 1481, 104147
What are the prime factors of 33790746?
2, 3, 11, 71, 7211
List the prime factors of 6577761009.
3, 31, 2887, 24499
What are the prime factors of 4637524890?
2, 3, 5, 293, 527591
List the prime factors of 988370919.
3, 109818991
What are the prime factors of 438507710?
2, 5, 31, 41, 34501
What are the prime factors of 1209256967?
1209256967
What are the prime factors of 34082367?
3, 11, 1032799
What are the prime factors of 8491709547?
3, 41, 263, 29167
What are the prime factors of 20687731?
1303, 15877
List the prime factors of 103708838.
2, 457, 113467
What are the prime factors of 814331343?
3, 7, 31, 83, 2153
List the prime factors of 301632867.
3, 659, 50857
List the prime factors of 49503208.
2, 19, 61, 281
List the prime factors of 57611649.
3, 19203883
What are the prime factors of 37414695?
3, 5, 2494313
What are the prime factors of 200462789?
6397, 31337
List the prime factors of 307296675.
3, 5, 7, 17, 23, 499
List the prime factors of 621160420.
2, 5, 139, 223439
What are the prime factors of 86341461?
3, 37, 21023
List the prime factors of 41018556.
2, 3, 3418213
List the prime factors of 244576754.
2, 3187, 38371
What are the prime factors of 425423288?
2, 53177911
What are the prime factors of 43523117?
11, 3956647
List the prime factors of 84171304.
2, 7, 1503059
List the prime factors of 73553883.
3, 13, 17, 19, 5839
List the prime factors of 1372453696.
2, 21444589
List the prime factors of 58686896.
2, 19, 71, 2719
List the prime factors of 284046191.
11, 13, 1986337
What are the prime factors of 767249782?
2, 13, 29509607
List the prime factors of 956017683.
3, 29, 126307
What are the prime factors of 5194157?
181, 28697
List the prime factors of 756548779.
7, 61, 127, 1993
List the prime factors of 2516100060.
2, 3, 5, 41935001
List the prime factors of 5285683.
13, 406591
What are the prime factors of 670765494?
2, 3, 7, 41, 389527
What are the prime factors of 3158098412?
2, 7, 2301821
What are the prime factors of 4927366248?
2, 3, 7, 29329561
What are the prime factors of 209660282?
2, 13, 281, 28697
What are the prime factors of 9228523?
9228523
What are the prime factors of 242496909?
3, 43, 69623
List the prime factors of 7260271419.
3, 157, 15414589
What are the prime factors of 33503449?
7, 193, 24799
What are the prime factors of 446081442?
2, 3, 74346907
What are the prime factors of 109772283?
3, 36590761
List the prime factors of 235633832.
2, 7, 233, 18059
List the prime factors of 40779105.
3, 5, 31, 87697
What are the prime factors of 231017167?
2861, 80747
What are the prime factors of 237869630?
2, 5, 4789, 4967
List the prime factors of 11139882.
2, 3, 13, 251, 569
What are the prime factors of 18488141?
7, 359, 1051
What are the prime factors of 1574438080?
2, 5, 2129, 2311
What are the prime factors of 1259472328?
2, 109, 139, 10391
List the prime factors of 66792969.
3, 47, 269, 587
List the prime factors of 110768809.
9049, 12241
What are the prime factors of 2230324590?
2, 3, 5, 13, 479, 11939
List the prime factors of 2861476492.
2, 7, 131, 780119
What are the prime factors of 116938247?
859, 136133
What are the prime factors of 229033218?
2, 3, 23, 1659661
List the prime factors of 335420531.
173, 1938847
What are the prime factors of 340805295?
3, 5, 7573451
What are the prime factors of 197727157?
719, 275003
List the prime factors of 53396163.
3, 29, 204583
What are the prime factors of 261409248?
2, 3, 29, 10433
List the prime factors of 50136016.
2, 7, 63949
What are the prime factors of 54455629?
89, 653, 937
List the prime factors of 1479467149.
1479467149
What are the prime factors of 11689334?
2, 127, 46021
List the prime factors of 1532793147.
3, 510931049
What are the prime factors of 3220149967?
59, 4783, 11411
What are the prime factors of 82329088?
2, 113, 1423
List the prime factors of 3827400706.
2, 17, 112570609
What are the prime factors of 918702872?
2, 7019, 16361
What are the prime factors of 2591515200?
2, 3, 5, 539899
What are the prime factors of 97482048?
2, 3, 507719
What are the prime factors of 345379971?
3, 115126657
What are the prime factors of 177818092?
2, 44454523
What are the prime factors of 65919424?
2, 67, 15373
What are the prime factors of 55978548?
2, 3, 107, 43597
List the prime factors of 72612296.
2, 389, 23333
List the prime factors of 2191319504.
2, 11, 113, 110183
List the prime factors of 371760678.
2, 3, 2294819
What are the prime factors of 5716982999?
7, 13, 43, 1123, 1301
What are the prime factors of 328949141?
328949141
What are the prime factors of 154104758?
2, 77052379
What are the prime factors of 267785690?
2, 5, 107, 250267
What are the prime factors of 66716022?
2, 3, 3167, 3511
List the prime factors of 88314637.
691, 127807
List the prime factors of 526105585.
5, 105221117
List the prime factors of 6387870975.
3, 5, 85171613
What are the prime factors of 70874135?
5, 14174827
What are the prime factors of 31824906?
2, 3, 1223, 4337
List the prime factors of 2668038710.
2, 5, 19, 71, 197779
What are the prime factors of 917432801?
3389, 270709
List the prime factors of 248777717.
248777717
List the prime factors of 75989119.
337, 443, 509
What are the prime factors of 100673366?
2, 101, 433, 1151
List the prime factors of 557549386.
2, 727, 383459
What are the prime factors of 361474899?
3, 43, 2802131
List the prime factors of 2957531146.
2, 19, 41, 107, 113, 157
What are the prime factors of 49130029?
13, 19, 443, 449
What are the prime factors of 13465189?
23, 585443
List the prime factors of 11831845.
5, 2366369
List the prime factors of 24739960.
2, 5, 7, 149, 593
List the prime factors of 642557134.
2, 7933, 40499
List the prime factors of 24275987.
29, 61, 13723
What are the prime factors of 29676799?
29676799
List the prime factors of 1614084506.
2, 2531, 318863
List the prime factors of 50045354.
2, 19, 1316983
What are the prime factors of 22510686?
2, 3, 11, 17, 20063
What are the prime factors of 275994164?
2, 241, 286301
List the prime factors of 435827553.
3, 7, 113, 183661
What are the prime factors of 65287483?
3163, 20641
List the prime factors of 47785711.
47785711
What are the prime factors of 4551470219?
7369, 617651
List the prime factors of 6586755605.
5, 1317351121
List the prime factors of 45134081.
67, 673643
What are the prime factors of 61658705?
5, 19, 649039
What are the prime factors of 56377046?
2, 11, 232963
What are the prime factors of 16285359?
3, 47, 115499
What are the prime factors of 99365192?
2, 12420649
What are the prime factors of 34756430?
2, 5, 179, 19417
List the prime factors of 518140530.
2, 3, 5, 1919039
What are the prime factors of 4246589754?
2, 3, 11, 88261
What are the prime factors of 154415329?
9811, 15739
What are the prime factors of 25875901?
25875901
List the prime factors of 87985152.
2, 3, 9547
List the prime factors of 117870479.
313, 376583
What are the prime factors of 2375673695?
5, 475134739
What are the prime factors of 5785720660?
2, 5, 149, 1941517
List the prime factors of 34523223.
3, 7, 1643963
List the prime factors of 1271116014.
2, 3, 7, 30264667
What are the prime factors of 252003368?
2, 1049, 30029
What are the prime factors of 356780815?
5, 71356163
What are the prime factors of 4233925496?
2, 19, 27854773
What are the prime factors of 60635369?
839, 72271
List the prime factors of 304801172.
2, 13, 1021, 5741
What are the prime factors of 1849692346?
2, 937, 987029
What are the prime factors of 193766260?
2, 5, 23, 157, 2683
What are t